
Calculate the highest common divisor of 1290 and 3.
3
Calculate the highest common factor of 245 and 30.
5
What is the highest common divisor of 280 and 1920?
40
Calculate the greatest common divisor of 559 and 129.
43
What is the greatest common factor of 5063 and 332?
83
What is the highest common divisor of 66 and 2541?
33
Calculate the greatest common divisor of 17785 and 5.
5
Calculate the greatest common divisor of 453 and 3473.
151
What is the greatest common factor of 231 and 966?
21
Calculate the highest common factor of 1068 and 48.
12
What is the greatest common factor of 276 and 24?
12
Calculate the greatest common divisor of 73 and 949.
73
Calculate the highest common factor of 624 and 195.
39
Calculate the greatest common factor of 92 and 414.
46
Calculate the greatest common factor of 90 and 10.
10
What is the highest common factor of 61 and 5612?
61
Calculate the greatest common divisor of 10349 and 524.
131
Calculate the greatest common divisor of 608 and 38.
38
Calculate the greatest common divisor of 450 and 360.
90
What is the highest common factor of 30 and 5610?
30
What is the highest common divisor of 3577 and 146?
73
Calculate the highest common factor of 212 and 25811.
53
What is the greatest common factor of 312 and 11466?
78
What is the greatest common factor of 225 and 45?
45
Calculate the highest common divisor of 12754 and 154.
14
Calculate the greatest common factor of 96 and 488.
8
What is the greatest common divisor of 27 and 297?
27
What is the greatest common factor of 14 and 1414?
14
Calculate the highest common factor of 644 and 756.
28
What is the highest common factor of 426 and 30?
6
What is the greatest common factor of 90 and 486?
18
What is the highest common divisor of 27 and 432?
27
Calculate the highest common divisor of 702 and 342.
18
Calculate the highest common factor of 189 and 54.
27
What is the highest common factor of 58 and 3509?
29
Calculate the highest common factor of 1050 and 480.
30
Calculate the highest common divisor of 512 and 88.
8
What is the greatest common divisor of 1891 and 244?
61
Calculate the greatest common divisor of 161 and 196.
7
Calculate the highest common factor of 585 and 325.
65
Calculate the greatest common factor of 4676 and 56.
28
What is the greatest common divisor of 5191 and 179?
179
Calculate the highest common divisor of 540 and 20.
20
What is the greatest common divisor of 252 and 1344?
84
What is the greatest common divisor of 4071 and 759?
69
Calculate the highest common divisor of 21 and 525.
21
What is the highest common divisor of 121 and 22?
11
What is the highest common divisor of 3930 and 210?
30
Calculate the highest common factor of 2 and 394.
2
Calculate the greatest common factor of 10 and 2.
2
Calculate the highest common factor of 78 and 24.
6
Calculate the greatest common divisor of 10 and 540.
10
What is the highest common factor of 615 and 75?
15
Calculate the greatest common divisor of 11 and 55.
11
What is the greatest common factor of 60 and 390?
30
Calculate the greatest common divisor of 26 and 117.
13
What is the greatest common factor of 32 and 8?
8
What is the greatest common factor of 4089 and 87?
87
What is the highest common divisor of 30 and 165?
15
Calculate the greatest common factor of 4961 and 11726.
451
Calculate the greatest common divisor of 4161 and 114.
57
What is the highest common divisor of 27 and 5013?
9
Calculate the highest common factor of 70 and 595.
35
Calculate the greatest common factor of 6557 and 913.
83
Calculate the greatest common factor of 19 and 3819.
19
What is the highest common factor of 98721 and 63?
63
Calculate the greatest common factor of 720 and 1620.
180
What is the highest common divisor of 1 and 8?
1
What is the greatest common factor of 189 and 108?
27
Calculate the greatest common divisor of 153 and 34.
17
What is the greatest common divisor of 49 and 1519?
49
Calculate the greatest common divisor of 54 and 4806.
54
Calculate the highest common factor of 351 and 2187.
27
What is the highest common factor of 410 and 164?
82
What is the greatest common factor of 98 and 4459?
49
Calculate the highest common divisor of 60 and 45.
15
What is the greatest common factor of 10220 and 140?
140
Calculate the highest common factor of 96 and 30.
6
What is the highest common divisor of 576 and 336?
48
What is the greatest common divisor of 451 and 4018?
41
What is the highest common divisor of 38 and 3686?
38
What is the greatest common divisor of 8667 and 214?
107
Calculate the greatest common divisor of 76 and 736.
4
What is the highest common divisor of 504 and 768?
24
Calculate the highest common divisor of 611 and 1551.
47
What is the highest common factor of 2071 and 872?
109
Calculate the highest common factor of 915 and 60.
15
What is the highest common divisor of 45 and 5?
5
What is the greatest common factor of 37 and 1?
1
What is the greatest common factor of 9290 and 10?
10
Calculate the highest common factor of 13 and 50609.
13
What is the highest common divisor of 945 and 1296?
27
What is the highest common factor of 3953 and 134?
67
Calculate the greatest common factor of 40425 and 25.
25
What is the highest common factor of 352 and 5792?
32
Calculate the highest common divisor of 7790 and 285.
95
Calculate the highest common factor of 510 and 20.
10
What is the greatest common factor of 8 and 36?
4
Calculate the highest common divisor of 113 and 1017.
113
What is the greatest common divisor of 768 and 24?
24
What is the highest common divisor of 36 and 3297?
3
Calculate the greatest common divisor of 176 and 396.
44
What is the greatest common divisor of 459 and 54?
27
Calculate the highest common divisor of 10 and 5690.
10
What is the highest common factor of 3 and 57?
3
Calculate the highest common divisor of 23 and 2185.
23
What is the greatest common factor of 4 and 220?
4
What is the greatest common divisor of 6 and 16386?
6
What is the greatest common factor of 14 and 322?
14
Calculate the greatest common divisor of 649 and 33.
11
Calculate the highest common divisor of 4374 and 1134.
162
Calculate the greatest common divisor of 351 and 3081.
39
What is the greatest common divisor of 72 and 456?
24
Calculate the highest common factor of 68 and 28.
4
What is the greatest common factor of 560 and 735?
35
Calculate the greatest common factor of 28917 and 119.
119
What is the greatest common divisor of 585 and 780?
195
What is the greatest common divisor of 16 and 112?
16
What is the highest common factor of 864 and 16?
16
What is the highest common divisor of 8957 and 338?
169
What is the highest common factor of 14 and 1274?
14
What is the greatest common factor of 3560 and 120?
40
Calculate the greatest common divisor of 1015 and 3625.
145
Calculate the greatest common factor of 445 and 15.
5
Calculate the highest common factor of 25 and 365.
5
Calculate the highest common factor of 575 and 23.
23
What is the highest common factor of 201 and 469?
67
What is the greatest common divisor of 2352 and 624?
48
Calculate the greatest common divisor of 117 and 171.
9
Calculate the highest common divisor of 134 and 67.
67
Calculate the greatest common divisor of 1 and 4.
1
What is the greatest common factor of 329 and 235?
47
What is the greatest common divisor of 16 and 19?
1
Calculate the greatest common factor of 160 and 10.
10
What is the highest common factor of 49462 and 28?
14
Calculate the greatest common divisor of 37 and 111.
37
Calculate the greatest common divisor of 104 and 780.
52
Calculate the greatest common divisor of 43 and 20597.
43
Calculate the greatest common factor of 13 and 689.
13
What is the greatest common factor of 18 and 114?
6
Calculate the greatest common divisor of 6784 and 212.
212
What is the highest common divisor of 1804 and 11?
11
Calculate the greatest common divisor of 70 and 238.
14
What is the highest common divisor of 1100 and 640?
20
What is the highest common divisor of 1476 and 656?
164
Calculate the highest common factor of 413 and 59.
59
Calculate the greatest common divisor of 20 and 196.
4
Calculate the highest common divisor of 20 and 32.
4
Calculate the greatest common divisor of 13 and 3.
1
Calculate the highest common divisor of 